reatest common factor of 1127 and 546791?
49
What is the greatest common factor of 144666 and 402602?
94
Calculate the greatest common factor of 5854 and 2515179881.
2927
What is the greatest common divisor of 208 and 23676952?
104
What is the greatest common factor of 302305950 and 450?
450
Calculate the greatest common factor of 25 and 14567155.
5
What is the greatest common divisor of 54028 and 101822?
2078
What is the highest common divisor of 1456 and 478688?
112
Calculate the greatest common factor of 148510670 and 9086.
9086
Calculate the greatest common divisor of 745216 and 32576.
64
Calculate the highest common factor of 4646690 and 3827.
89
What is the greatest common divisor of 7272 and 173434776?
2424
What is the highest common factor of 429 and 1060389?
33
Calculate the greatest common factor of 1605669 and 9633.
507
Calculate the greatest common factor of 21480 and 228941.
179
What is the highest common divisor of 17613295 and 204869?
1813
What is the highest common factor of 168 and 6063?
3
What is the greatest common divisor of 10589208 and 14?
14
Calculate the highest common factor of 3584798 and 8.
2
What is the greatest common factor of 248 and 88148252?
124
Calculate the greatest common divisor of 14690 and 1412869510.
14690
What is the greatest common divisor of 462001 and 13644?
379
What is the greatest common divisor of 1666 and 5593595?
833
Calculate the greatest common divisor of 15012730 and 895.
895
Calculate the greatest common factor of 10848 and 73514184.
2712
What is the greatest common factor of 43095 and 393315?
195
Calculate the greatest common divisor of 74349 and 147947.
751
What is the greatest common factor of 1875 and 75360?
15
Calculate the highest common divisor of 2316144 and 11096.
584
Calculate the highest common factor of 1250 and 7570.
10
Calculate the greatest common divisor of 40 and 27634090.
10
What is the highest common divisor of 308 and 4437566?
14
What is the highest common divisor of 39485 and 6312385?
745
Calculate the greatest common divisor of 127 and 1798941411.
127
What is the greatest common divisor of 13037110 and 10?
10
What is the greatest common divisor of 12 and 3907256?
4
What is the highest common divisor of 39 and 46859267?
13
Calculate the greatest common divisor of 15105 and 400521.
159
Calculate the greatest common divisor of 25232820 and 73340.
3860
What is the greatest common divisor of 15283 and 67898773?
899
Calculate the greatest common factor of 8362164 and 4117.
179
Calculate the greatest common divisor of 43896 and 630757.
31
Calculate the greatest common divisor of 2609136 and 12.
12
Calculate the highest common factor of 157700 and 568060.
20
Calculate the greatest common divisor of 22928286 and 3450.
138
What is the highest common divisor of 5904936 and 384?
24
Calculate the greatest common factor of 209978 and 22244.
134
Calculate the highest common divisor of 52177914 and 6.
6
Calculate the greatest common divisor of 60056 and 66648.
8
What is the highest common divisor of 49728 and 1010877?
777
What is the highest common divisor of 715 and 1752920?
65
Calculate the highest common divisor of 98939946 and 618.
618
What is the highest common divisor of 726 and 992200?
242
Calculate the greatest common factor of 3693624 and 758472.
4488
What is the greatest common factor of 1081708 and 3972?
1324
What is the greatest common divisor of 40489026 and 159501?
2019
Calculate the greatest common divisor of 124587 and 836295.
381
Calculate the highest common factor of 6715290 and 150.
30
What is the highest common divisor of 533578273 and 95?
19
Calculate the highest common divisor of 209720 and 6680.
40
What is the highest common divisor of 12003643 and 5?
1
Calculate the greatest common factor of 312 and 320474076.
156
Calculate the highest common factor of 14452 and 1502.
2
What is the greatest common factor of 2611700 and 2624?
164
Calculate the greatest common factor of 46588 and 34466.
38
What is the highest common factor of 520 and 1240226?
26
Calculate the greatest common divisor of 5116496 and 490.
14
What is the highest common factor of 1262 and 1817911?
631
What is the greatest common divisor of 249 and 579461429?
83
Calculate the highest common factor of 448 and 2215654.
14
What is the greatest common factor of 19558169 and 393?
131
Calculate the greatest common factor of 22164 and 25008.
12
What is the highest common factor of 1669 and 175029699?
1669
Calculate the highest common factor of 19352657 and 841.
29
What is the greatest common divisor of 41 and 12730951?
41
Calculate the greatest common divisor of 3798230 and 262.
2
Calculate the highest common divisor of 100 and 142362350.
50
Calculate the greatest common factor of 40 and 47426840.
40
What is the highest common divisor of 21527 and 551771?
1133
What is the highest common factor of 103297905 and 90?
45
Calculate the highest common divisor of 665 and 15498889.
133
Calculate the highest common divisor of 113144565 and 15.
15
What is the greatest common factor of 3017 and 1753739?
431
Calculate the greatest common divisor of 323950 and 3061850.
10450
What is the greatest common factor of 16789136 and 10644?
3548
What is the greatest common factor of 1041720048 and 4071?
4071
Calculate the greatest common divisor of 1183 and 113395464.
91
Calculate the highest common factor of 16216 and 82535386.
4054
Calculate the highest common factor of 40320 and 57920.
320
Calculate the greatest common divisor of 44 and 195777934.
22
What is the highest common divisor of 10666 and 1112031827?
5333
Calculate the greatest common divisor of 53648451 and 41679.
3789
Calculate the greatest common divisor of 15433 and 13387.
11
What is the greatest common divisor of 107190368 and 32?
32
Calculate the greatest common divisor of 41515044 and 12.
12
Calculate the greatest common divisor of 174152 and 137104.
88
What is the highest common divisor of 10036 and 14505296?
52
Calculate the greatest common divisor of 123821104 and 1672.
88
What is the greatest common divisor of 17940 and 638950?
130
What is the greatest common divisor of 198818 and 3338?
2
What is the highest common divisor of 9538 and 1294156?
502
Calculate the highest common factor of 162135 and 345.
15
Calculate the highest common factor of 288 and 2053696.
32
What is the highest common divisor of 29682 and 21668778?
306
Calculate the highest common factor of 60 and 1671460.
20
Calculate the greatest common divisor of 1176427 and 763.
7
What is the greatest common divisor of 110149 and 1055795?
481
Calculate the highest common factor of 4512085 and 474.
79
What is the greatest common divisor of 889471 and 5929?
121
What is the greatest common divisor of 2479718 and 3827?
89
Calculate the greatest common factor of 16321 and 851269.
859
What is the highest common factor of 313185850 and 5050?
5050
What is the greatest common divisor of 99645821 and 1012?
253
What is the greatest common factor of 129820152 and 21?
21
What is the highest common divisor of 4642377 and 3405?
681
What is the greatest common factor of 487 and 15479295?
487
Calculate the highest common factor of 8400 and 8925.
525
Calculate the highest common divisor of 6160701 and 1845.
123
What is the highest common factor of 2078231130 and 1020?
510
Calculate the highest common divisor of 14848 and 12162832.
464
What is the greatest common factor of 106 and 608646382?
106
What is the highest common divisor of 61065851 and 287?
287
Calculate the greatest common factor of 652640 and 48640.
160
Calculate the greatest common divisor of 12464 and 270864.
304
What is the greatest common factor of 63 and 1240211?
7
Calculate the greatest common factor of 952308468 and 447.
447
What is the highest common factor of 578972908 and 852?
284
What is the highest common divisor of 1633105228 and 5462?
5462
What is the highest common factor of 3500 and 97625500?
3500
What is the highest common factor of 2490 and 948739800?
2490
What is the highest common factor of 12696 and 30387048?
552
Calculate the greatest common divisor of 4487697 and 2341.
2341
What is the highest common divisor of 35201100 and 1650?
1650
What is the greatest common divisor of 5129 and 75072?
23
What is the highest common divisor of 1